
-9a846
In base 9, what is -23 - -1745?
1722
In base 12, what is 1 + b1b1?
b1b2
In base 3, what is -1111 + 12010000?
12001112
In base 12, what is 67520 - 1?
6751b
In base 15, what is e + -b3b?
-b2c
In base 13, what is 1b57 + -14?
1b43
In base 3, what is -1000 + 11001112012?
11001111012
In base 13, what is 6 + -1982?
-1979
In base 5, what is -1021433 + -1?
-1021434
In base 4, what is -1130311 + -21?
-1130332
In base 10, what is 347331 + -3?
347328
In base 7, what is -61424 - -3?
-61421
In base 10, what is -13 - -44865?
44852
In base 6, what is -13 - -201051?
201034
In base 11, what is 176411 - 3?
176409
In base 15, what is 9 + -15e4?
-15da
In base 13, what is 1716a6 - 5?
1716a1
In base 14, what is -1c1 - 25?
-206
In base 5, what is 2421 - 11221?
-3300
In base 2, what is -101011000010011111110 + -101?
-101011000010100000011
In base 14, what is -2 + b69?
b67
In base 3, what is 222002 - 1102?
220200
In base 5, what is -14 - -231021?
231002
In base 4, what is -212 - 1312331?
-1313203
In base 2, what is 1100000010110000 + 101?
1100000010110101
In base 5, what is -203031 - -2?
-203024
In base 2, what is -10100 + -101101011011?
-101101101111
In base 5, what is -10141 - -10?
-10131
In base 8, what is -2 - -241623?
241621
In base 12, what is 6 - -1166?
1170
In base 10, what is -8 + 166622?
166614
In base 2, what is -110 - -100000010010101010?
100000010010100100
In base 8, what is 7 + 6661?
6670
In base 14, what is -4a + 5377?
532b
In base 13, what is 2 - 164585?
-164583
In base 11, what is 53a7 + -90?
5317
In base 7, what is 124541 + -5?
124533
In base 6, what is -103 + 2212542?
2212435
In base 16, what is -558 - -4c?
-50c
In base 7, what is -13 + -12526?
-12542
In base 11, what is 3373 - 15?
3359
In base 2, what is -10001 - 101111011001?
-101111101010
In base 15, what is 2388e + -7?
23887
In base 4, what is -10123 + -101?
-10230
In base 13, what is 14 - -247b7?
247cb
In base 13, what is -5 - -8c992?
8c98a
In base 13, what is 174 - 1281?
-110a
In base 7, what is -1 - -4064045?
4064044
In base 9, what is -3187 + 24?
-3163
In base 11, what is -523 + -1609?
-2031
In base 12, what is -9 - 256a?
-2577
In base 9, what is -5 + 83724?
83718
In base 4, what is 2023232 + -1202?
2022030
In base 5, what is -23 + -121012?
-121040
In base 15, what is 3d + 421?
45e
In base 3, what is -1112010 + -211?
-1112221
In base 11, what is 0 + -1798?
-1798
In base 6, what is -1211 + 155?
-1012
In base 13, what is -39 + 2997?
295b
In base 10, what is -29 - -3754?
3725
In base 8, what is -551 + -375?
-1146
In base 8, what is -3242422 - -3?
-3242417
In base 5, what is -4 - -1244443?
1244434
In base 10, what is -1029 + -77?
-1106
In base 4, what is 232200012 - 3?
232200003
In base 4, what is -10131002 + -111?
-10131113
In base 3, what is 10 - -1000021022022?
1000021022102
In base 8, what is -2455 - 115?
-2572
In base 7, what is -3 + -43240?
-43243
In base 10, what is -2979 - 858?
-3837
In base 10, what is 49 - -445?
494
In base 14, what is -27b199 - -1?
-27b198
In base 12, what is -565 - -170?
-3b5
In base 15, what is 24c8 - 23?
24a5
In base 12, what is 0 - -15759?
15759
In base 10, what is -136 - 203?
-339
In base 10, what is 138230 - -6?
138236
In base 7, what is 4 - -3300642?
3300646
In base 16, what is 19e8 - 2?
19e6
In base 16, what is -23 - -2461?
243e
In base 3, what is -22110 + 212020?
112210
In base 15, what is -1 - -2d0a?
2d09
In base 14, what is 2 + 120a48?
120a4a
In base 6, what is 1 + 4313?
4314
In base 8, what is -373 + -27173?
-27566
In base 12, what is -1 + 14396?
14395
In base 14, what is -1b13 + 125?
-19cc
In base 6, what is -4 - -1102234?
1102230
In base 5, what is 3111 + -1321?
1240
In base 12, what is b21b + -2a?
b1b1
In base 2, what is -10001100010010100 - -110000?
-10001100001100100
In base 6, what is -13545 - 32?
-14021
In base 8, what is -2456307 - 5?
-2456314
In base 4, what is -20132212003 - 0?
-20132212003
In base 6, what is -3325355 + 2?
-3325353
In base 3, what is -21010210 - 1221?
-21012201
In base 4, what is 122011001 + 10?
122011011
In base 13, what is 2 + -5155?
-5153
In base 3, what is 10000012121020 - -12?
10000012121102
In base 4, what is -133 + -1133?
-1332
In base 4, what is 200302023 - -11?
200302100
In base 12, what is b6 + 95?
18b
In base 13, what is -1477929 + -4?
-1477930
In base 8, what is -65547 - -4?
-65543
In base 5, what is 11220023 - 1?
11220022
In base 13, what is 4 + -2c98?
-2c94
In base 12, what is 38436 - 1?
38435
In base 12, what is 2 - 81459?
-81457
In base 3, what is -12 + 121020200?
121020111
In base 4, what is -1333 - 3221?
-11220
In base 10, what is -41 - -17636?
17595
In base 2, what is 1000100100000 - 10000000?
1000010100000
In base 13, what is 1b235 + 17?
1b24c
In base 7, what is 26 + -3045?
-3016
In base 11, what is -9 + -19748?
-19756
In base 15, what is 1902ea - -3?
1902ed
In base 7, what is 5 + 34311?
34316
In base 11, what is 43 + 6286?
6319
In base 8, what is -22 + -1662?
-1704
In base 6, what is 3253030 - -3?
3253033
In base 13, what is 480b6 + 7?
480c0
In base 5, what is 421 - -22402?
23323
In base 8, what is 65522 + -5?
65515
In base 6, what is 2 - -135405?
135411
In base 7, what is 13441 - -2626?
16400
In base 2, what is -10001110010110011 + 101?
-10001110010101110
In base 4, what is 11 + -1023113?
-1023102
In base 6, what is -3 - 115052?
-115055
In base 14, what is -470 + 4?
-46a
In base 10, what is 46160 + -9?
46151
In base 3, what is 1122100 + 222?
1200022
In base 4, what is 222013 + -31?
221322
In base 5, what is -4 - -313304?
313300
In base 11, what is -3a90 + 88?
-3a03
In base 3, what is 0 + 10220200202?
10220200202
In base 7, what is -14 - 50056?
-50103
In base 15, what is 2d + -4779?
-474b
In base 8, what is 1375 + -63?
1312
In base 3, what is -121000022100 + 2?
-121000022021
In base 16, what is 387 - -16c?
4f3
In base 4, what is 32113033230 - -2?
32113033232
In base 16, what is 31 + 2f6?
327
In base 4, what is 1100032320 - 0?
1100032320
In base 10, what is -4 - 32024?
-32028
In base 10, what is 36754 - -3?
36757
In base 3, what is 1102110022 - 12?
1102110010
In base 7, what is -106 + 1041?
632
In base 15, what is -1 + -3ddb5?
-3ddb6
In base 3, what is 1 - -11101212000?
11101212001
In base 7, what is -103343 - 5?
-103351
In base 6, what is -5 + 1003153?
1003144
In base 10, what is -85282 - 4?
-85286
In base 4, what is 2300 + -2?
2232
In base 6, what is 53400 - -4?
53404
In base 7, what is -5 - -3333024?
3333016
In base 12, what is -6354 - 4?
-6358
In base 5, what is 1241 + -333?
403
In base 15, what is 5 - 48239?
-48234
In base 11, what is 298a8 - -2?
298aa
In base 7, what is -222 - 106?
-331
In base 15, what is 1e + d98b?
d9aa
In base 9, what is 5040 + -15?
5024
In base 13, what is -2 + -138052?
-138054
In base 11, what is 80788 + -3?
80785
In base 9, what is -6216585 + 4?
-6216581
In base 16, what is 12a68 + -3?
12a65
In base 14, what is 5 + -1316?
-1311
In base 9, what is -403153 - -20?
-403133
In base 4, what is 20012130120 - 2?
20012130112
In base 12, what is 141 + 46b5?
4836
In base 6, what is -111435253 - -2?
-111435251
In base 7, what is 14063514 + -3?
14063511
In base 6, what is 321520 - -32?
321552
In base 16, what is -a694 + -2?
-a696
In base 3, what is -11110112 - 22212?
-11210101
In base 12, what is 7 - -23572?
23579
In base 7, what is -212 - -4002?
3460
In base 7, what is 23 - 244533?
-244510
In base 9, what is -5242 - 2?
-5244
In base 12, what is -2 - -8053?
8051
In base 5, what is 2 - 323442042?
-323442040
In base 3, what is 21021 - 1202201?
-1111110
In base 13, what is -cc7ca + 0?
-cc7ca
In base 9, what is -2 - -383515?
383513
In base 13, what is 11081 + -4?
1107a
In base 6, what is -545 - -1245?
300
In base 16, what is 61 + -a8f?
-a2e
In base 3, what is -11 + -21220202?
-21220220
In base 14, what is 1 - 61d9a?
-61d99
In base 11, what is -5286 - 3?
-5289
In base 9, what is -82 + -15251?
-15343
In base 2, what is 101 + 10110011110001000?
10110011110001101
In base 14, what is 5cada + 1?
5cadb
In base 15, what is 3 - -14325?
14328
In base 6, what is -5540 - 1?
-5541
In base 16, what is a + -ee5?
-edb
In base 8, what is 30762 - 70?
30672
In base 13, what is -c - -1277c?
12770
In base 14, what is 12 - -adbd?
add1
In base 15, what is d10 + 83?
d93
In base 8, what is -3 + 15155?
15152
In 